ivided by r.
17
Let k be 3/2 + (-106)/4. Let p = -13 - k. Suppose -37 - 55 = -4*l. Calculate the remainder when l is divided by p.
11
Suppose -4*h + 5 = -3. Suppose -2*n - h = -3*n. Calculate the remainder when 2 is divided by n.
0
Let i(q) = 17*q - 8*q - 8*q - 17*q**3 + 2*q**2 + q + 1. Calculate the remainder when 69 is divided by i(-1).
15
Let o(g) = g**2 - 2*g - 8. Let c be o(6). Let m = 1 + c. Suppose -2*z = -4*a - 1 - m, 36 = 5*z - a. Calculate the remainder when 13 is divided by z.
6
Suppose -18*p = -16*p - 36. What is the remainder when p is divided by 11?
7
Suppose -5*d + 2*d = -255. What is the remainder when d is divided by 22?
19
Suppose -24 = -10*a - 14. Let k(u) = 5*u. Calculate the remainder when k(1) is divided by a.
0
Suppose k - 2 = 26. What is the remainder when 55 is divided by k?
27
Let b be 5/((-5)/(-4)) + 1. Let l(a) = a**3 - 6*a**2 + 6*a - 4. Let h(s) = s**2 - 4*s + 2. Calculate the remainder when h(4) is divided by l(b).
0
Let f = -7 - -7. Suppose -5*g + 3*r + 3 = -6, f = -4*g + 5*r + 2. What is the remainder when g is divided by 3?
0
Suppose 5*x - 55 = -c, 0*x + 3*c = -2*x + 9. What is the remainder when 153 is divided by x?
9
Suppose 0 = 2*g - 2, 25 = -3*v - g + 2*g. Let l(u) = u**2 + 6*u - 8. Calculate the remainder when l(v) is divided by 3.
2
Let k(b) = -b**3 - 5*b**2 + 7*b + 8. Let c be k(-6). Let i be c - (48 + 0/(-3)). What is the remainder when 0/3 + 0 - i is divided by 16?
14
Let l = 24 - 11. Suppose 5*a + 4*u = 198, 4*a - 2*u - 56 = 92. What is the remainder when a is divided by l?
12
Suppose -5*t - 21 + 101 = 0. What is the remainder when t is divided by 6?
4
Let x(c) = c**3 + c**2 + c + 3. Suppose -2*f + 8 = 2*f. Suppose 0 = -g + 4*l + 58, -3*g + f*g + 60 = -5*l. What is the remainder when g is divided by x(2)?
16
Suppose -2*u + 30 = -2*c, -4*c + 14 = -2*u + 52. Let q be 1 + 2 + -2 + -5. Calculate the remainder when (-82)/q - 1/(-2) is divided by u.
10
Let h(d) be the first derivative of -d**2/2 + d - 1. What is the remainder when h(-1) is divided by 2?
0
Let h(c) = -39*c - 3. Let s be h(-5). Let u be (-2)/3 + s/18. Suppose 0 = 4*l - 5*l + u. What is the remainder when 18 is divided by l?
8
What is the remainder when (-1)/(-1) - (-1)/(2/240) is divided by 31?
28
Suppose 2*n = n + 4*i + 8, 36 = 2*n - 3*i. Calculate the remainder when n is divided by 14.
10
Suppose -5*c - 4*x = -64, 2*x - x = c - 11. Let m be 4/c + 11/3. Suppose -20 = -m*p + v + 23, 2*p - 3*v = 9. Calculate the remainder when p is divided by 7.
5
Let a = -44 - -85. Let q(k) = k**3 - 5*k**2 + 4*k + 1. Calculate the remainder when a is divided by q(5).
20
Suppose 4*b = -0*b + 108. Let n = 67 - 14. Calculate the remainder when n is divided by b.
26
Suppose 15*x - 224 = -29. What is the remainder when 77 is divided by x?
12
Let a = -16 - -4. What is the remainder when 34 is divided by 142/8 + (-3)/a?
16
Let w(y) = y + 12. Let g be w(-9). Suppose q = -g + 20. Calculate the remainder when q is divided by 5.
2
Calculate the remainder when 42 is divided by (-9 - -10)*(11 + 0).
9
Suppose 3*q - 7 = 29. Suppose -b = -5*a + 405 - 150, 3*b = 4*a - 193. Let d = a - 30. Calculate the remainder when d is divided by q.
10
Suppose 5*w - 25 = -5. Suppose -2*r - 16 = -w*c, 0 = -2*c - 3*c + 4*r + 20. Calculate the remainder when (-6)/c*(-44)/2 is divided by 12.
9
Suppose 5*j = -0*j. Suppose -4*y + 16 = -c, -c - 2 = 3*y - j*y. Let n(h) = -h**2 - 11*h - 8. What is the remainder when 46 is divided by n(c)?
14
Suppose -3*p = -5*s - 20, -5*p - s + 2 - 6 = 0. Suppose -3*d + 5*d - 56 = p. Suppose -30 = -3*k - 0*k. What is the remainder when d is divided by k?
8
Let t be (-6)/(-2) - (-15 + 6). Let f = 62 - t. What is the remainder when f is divided by 13?
11
Suppose -k - 2*k + 123 = 0. Calculate the remainder when 325 is divided by k.
38
Let t(d) be the first derivative of 2*d**2 - 6*d - 2. Calculate the remainder when 29 is divided by t(4).
9
Let r(q) = q**3 - 2*q**2 + 6*q + 5. Let b be r(5). Let n = -66 + b. What is the remainder when n is divided by 23?
21
Suppose 5*j - 3*z = 90, -2*j - 5*z + 68 - 1 = 0. Let m = 30 - j. Calculate the remainder when m is divided by 6.
3
Suppose -4*o - 118 = -10. Let z = 3 - o. Calculate the remainder when z is divided by 11.
8
Suppose x - 12 = -2*x. Suppose -g = 4*r - 24, x*g + 6*r - 84 = 2*r. Calculate the remainder when g is divided by 8.
4
Let m = -16 - -22. Suppose 6*x + 0*x = m. Calculate the remainder when 3 is divided by x.
0
Suppose -6 = m - 2*m + 4*b, 3*m - b - 62 = 0. Calculate the remainder when 131 is divided by m.
21
Let v = -13 + 32. Calculate the remainder when 75 is divided by v.
18
Let q(y) = -y**3 - 3*y**2 + y - 6. Let m be ((-119)/(-14))/((-2)/4). Let a = m - -27. What is the remainder when q(-5) is divided by a?
9
Let q(p) = -14*p + 6. What is the remainder when q(-3) is divided by 10?
8
Let o(k) = -k**3 + 11*k**2 + 11*k + 14. Let y be o(12). Let m = y + 4. What is the remainder when (-10 - (1 - 0))*-1 is divided by m?
5
Let a = 5 + 4. Suppose a = 4*k + 41. Let v = k - -12. What is the remainder when 11 is divided by v?
3
Suppose -5*f + 2*y + 235 = 0, 4*f = 3*y + 2*y + 188. What is the remainder when f is divided by 16?
15
Suppose 2*z - 5*h = -1 - 14, -6 = z - h. Let f(w) = 3*w**2 + 7*w + 7. Calculate the remainder when f(z) is divided by 12.
11
Let r(f) = -f**3 - 10*f**2 - 10*f - 7. Let m be r(-9). Suppose 5*b - 47 = 2*x, -21 = -b - m*b + 3*x. What is the remainder when 41 is divided by b?
8
Let q be 0 - 4/(-3 - -2). Suppose -88 = -q*w + 56. Calculate the remainder when w is divided by 0/2 - -20 - 1.
17
Suppose -2*y - 4 = -14. Suppose -3*s + 2*h + 6 = 3*h, 6 = 3*s + 5*h. Suppose s*l + 0 - 26 = 0. Calculate the remainder when l is divided by y.
3
Let u be (1 - -42)*2/2. Suppose -4*a = -1 - u. What is the remainder when (-2)/1*1 + 22 is divided by a?
9
Let z = 6 - 3. Suppose 9 = z*r - y + 4*y, 2*r - y - 21 = 0. Calculate the remainder when 29 is divided by r.
5
Suppose -5*w + 0*w = -215. Calculate the remainder when w is divided by 11.
10
Let b(a) = -a + 1. Let c be b(1). Calculate the remainder when -3 - c - (-37 + 8) is divided by 7.
5
Suppose 3 = 5*o - 2*v, -2*v + 0*v = o - 3. Let j = o + 1. Suppose -2*i = -j - 2. What is the remainder when 5 is divided by i?
1
Suppose -16 = -2*r + 6. Let k = -45 + 77. Calculate the remainder when k is divided by r.
10
Suppose 2*k = 2*q - 0*k - 18, -4*q - 4*k + 36 = 0. Let i(w) = w**3 - 4*w**2. Calculate the remainder when i(5) is divided by q.
7
Suppose -23*f + 19*f = -16. What is the remainder when 29 is divided by f?
1
Suppose 0*j - 5*j - 3*k = -69, -3*k = -9. Calculate the remainder when j is divided by (28/6)/(2/3).
5
Suppose -4*r = 3 - 19. Suppose -2 - 10 = -r*d. Let l(v) = -v**3 + 6*v**2 + 9*v - 10. What is the remainder when l(7) is divided by d?
1
Suppose -2*w - m - 2 - 2 = 0, -5*m = -20. Let k = -2 - w. Suppose -4*j + 4*d + 17 + 15 = 0, j + d = 0. What is the remainder when j is divided by k?
0
Suppose -p + 4*z = 9*z + 204, 0 = 3*z. What is the remainder when 49 is divided by (-6)/10 + p/(-15)?
10
Let m(y) = -12*y + 8. Let i be m(6). Let z(r) = -22*r + 2. Let o be z(2). Let b = o - i. What is the remainder when 64 is divided by b?
20
Let m(x) = 49*x - 1. Let a be m(-1). Let g = -26 - a. Suppose -3*k + 3 + 12 = 0, -3*v - 5*k = -64. Calculate the remainder when g is divided by v.
11
Let x(l) = -2*l - 2. Let a be x(-4). Suppose -a = -0*b - b. What is the remainder when 10 is divided by b?
4
Suppose -h - 3*h + 60 = 0. What is the remainder when h is divided by (-63 - -64) + (-14)/(1*-2)?
7
Let r(y) = -4*y - 11. Let n(t) = -5*t + 2. Let k be n(2). What is the remainder when r(k) is divided by 11?
10
Let p(j) = 4*j + 9. Calculate the remainder when p(4) is divided by 13.
12
Suppose 5*u + 4*x = -108, 0*u + u + 28 = -4*x. Let y be (24/u)/(6/(-20)). Suppose -y*b = -148 - 0. Calculate the remainder when b is divided by 19.
18
Let f = 98 - -9. What is the remainder when f is divided by 27?
26
Let c = -33 - -63. Calculate the remainder when 114 is divided by c.
24
Let g be (2/7)/((-6)/(-84)). Suppose 84 = 4*v - 3*p - 2*p, -5*v + 146 = g*p. Suppose y + 16 - 67 = 0. What is the remainder when y is divided by v?
25
Let l = -23 + 7. Let q = l - -26. What is the remainder when 28 is